t is the greatest common factor of n and 4?
4
Suppose 14*m = 6*m + 120. What is the greatest common factor of 20 and m?
5
Let u(c) = c**3 - 2*c**2 + 4*c + 3. Let t be u(3). What is the greatest common divisor of 16 and t?
8
Let i be (-6)/36 - 122/(-12). Let x be (-8)/(i/(-4) - -2). Let z = 0 - -8. Calculate the greatest common factor of x and z.
8
Suppose -g = 4, 5*w - 22 = 2*w - 5*g. Let v be 42 - 0*(-2)/6. What is the highest common divisor of v and w?
14
Suppose -3*y + y = -2*a - 198, 5*y - a - 499 = 0. Let q = y + -55. Calculate the greatest common factor of 30 and q.
15
Suppose -5*u - 4*s + 308 = 0, 0 = 4*u + s - 37 - 216. Let o = -10 + u. Calculate the greatest common divisor of 9 and o.
9
Suppose l + 0*l - 208 = 0. Suppose i + 23 = -2*b + 136, 4*i = 4*b - l. What is the greatest common divisor of b and 11?
11
Let g(v) = v**2 + 6*v + 3. Suppose -w + 35 = -6*w. Let b be g(w). What is the highest common factor of b and 80?
10
Suppose 7*n - 712 = -292. What is the greatest common divisor of 12 and n?
12
Let v = -88 + 98. Calculate the highest common divisor of v and 130.
10
Let i = 6 + -1. What is the greatest common factor of i and 5?
5
Let i = -314 + 156. Let q be (-2)/7 - i/14. Calculate the greatest common factor of q and 1.
1
Let w be 174/9 - 10/(-15). Suppose 3*g + 135 = d - 4*d, -135 = 3*d - 2*g. Let n = w - d. Calculate the highest common divisor of 13 and n.
13
Let r = -84 + 134. Suppose 5*d = 4*q + r, -5*d + 90 = 6*q - 2*q. Let a = 25 + 3. What is the greatest common factor of a and d?
14
Suppose 3*d + 0*d = 3*u - 18, 0 = 5*u + 5*d - 20. Let k be 1*(9 - 0)/(-1). Let h = 14 + k. What is the greatest common divisor of u and h?
5
Let n be (-26)/((2/4)/((-7)/14)). Calculate the greatest common factor of 13 and n.
13
Suppose -4 = 2*n + 4. Suppose 0*z - 5*z = 55. Let u = n - z. Calculate the highest common factor of u and 49.
7
Suppose 99 = z - 34. Suppose z - 337 = -6*f. What is the highest common factor of f and 272?
34
Let x = 80 + 19. What is the greatest common divisor of 9 and x?
9
Let z be 12 - (3 - 2) - 3. Suppose z*q = 4*q + 52. Calculate the highest common factor of q and 65.
13
Let f(s) = -s + 5. Let w be f(3). Let q be (49 + w)/3 - 0. Let g = -156 - -241. What is the greatest common factor of g and q?
17
Suppose -4*w + w - 3*d = -1272, w - 5*d - 454 = 0. Calculate the greatest common factor of w and 39.
39
Let y(c) = -c**2 + 26. Let f be y(0). Let m = 49 - f. Calculate the highest common divisor of m and 23.
23
Suppose -5*l = -6*l + 2*s + 6, 3*s = -4*l + 2. Suppose -4*m = 2*r - 40, 3*m + 22 = 2*r + m. What is the highest common factor of l and r?
2
Let j be (-2 + 7)*(-3)/(-3). Let k(a) = a**3 - 6*a**2 + 5*a + 4. Let r be k(j). Calculate the highest common divisor of 6 and r.
2
Suppose 6*o - 5*a = 2*o + 84, 0 = -2*o - a + 42. Calculate the greatest common factor of o and 14.
7
Let r(p) = -p**3 - 8*p**2 + 7*p + 18. Let j be r(-9). Calculate the highest common divisor of 54 and j.
18
Let a be (-3)/((-5 - -4)/6). Calculate the greatest common factor of 90 and a.
18
Let x(a) = 6*a**2 + 13*a - 4. Let i be x(-5). What is the greatest common divisor of 54 and i?
27
Suppose k - 4*k + 24 = 0. What is the greatest common divisor of 8 and k?
8
Let o = 9 + 2. What is the greatest common divisor of o and 33?
11
Let u = -13 - -41. What is the highest common divisor of 252 and u?
28
Let p be 9*-3*(-33)/3. Suppose 3*q - 114 - p = 0. Suppose 130 = 5*w - 5*d, -2*d + 33 = -4*w + q. What is the greatest common factor of 39 and w?
13
Suppose -4*d - x + 22 = 0, 8 = 3*d - 0*d + 5*x. What is the highest common divisor of d and 4?
2
Suppose -2*t + 5*t = -15. Let p = t + 7. Let c(h) = 3*h**2 + 2*h - 1. Let z be c(1). Calculate the greatest common factor of p and z.
2
Let m = 23 - -11. Suppose 4 - m = -5*h. Suppose 0 = 2*i - 9 + 1. What is the highest common factor of i and h?
2
Let w be (-11985)/(-33) + (-2)/11. What is the greatest common divisor of 33 and w?
33
Suppose 0 = -2*f + 1 + 5. Calculate the greatest common divisor of f and 21.
3
Suppose 3*v - 4 = 2. Let y be 37/3 + v/3. What is the greatest common factor of y and 91?
13
Let l be 1*-6*(-4)/8. Let x = 2 + -3. Let i(w) = -30*w. Let f be i(x). Calculate the highest common factor of f and l.
3
Suppose -4*y + 3*n = -15, 4*y - 1 = 4*n + 11. Let m(l) = -l + 10. Let t be m(y). What is the highest common factor of 20 and t?
4
Suppose 5*y + 3*n - 29 = 0, 2*y + 0*n + 7 = 5*n. Suppose 20 = 5*z, 2*z - 39 = -y*k + 541. What is the highest common factor of 13 and k?
13
Let r(v) = -v**2 + v - 1. Let p(y) = -2*y**3 + 2*y**2 - 2*y + 2. Let m(w) = 5*p(w) + 10*r(w). Let g be m(-1). What is the highest common factor of 110 and g?
10
Suppose c + 11 = k, 2*k + 41 = 5*k + 5*c. Let n be -28*11/(231/(-18)). What is the greatest common divisor of n and k?
12
Let w(s) = -s + 2. Let h be w(-13). Let i = 45 - h. What is the highest common factor of 10 and i?
10
Suppose 0*t - t = -15. Suppose 3*b + d = 13, -5*b + 3*d + 45 = -0*b. Let n be (-45)/(-6)*8/b. Calculate the greatest common factor of n and t.
5
Let z = -15 + -43. Let b = z - -184. Calculate the greatest common factor of 18 and b.
18
Let a = -1 + 6. Suppose 4*x - a*d - 303 = 0, -4*d + 74 = x - 7*d. Suppose b - x = -2. What is the highest common divisor of b and 30?
15
Let a be (11 - 2)/3 - (1 - 0). What is the greatest common factor of a and 2?
2
Let a = 63 + -3. Suppose 0 = t - 2. Suppose -63 = -5*p - 3*n, -2*p + p + 14 = t*n. What is the greatest common factor of a and p?
12
Let c = 21 + 29. Calculate the greatest common divisor of 10 and c.
10
Suppose 11*c = 6 + 5. Suppose 5*y - b - 60 = 0, 4*y - 17 = -5*b + 2. Calculate the highest common factor of c and y.
1
Suppose -1 - 5 = -3*p. Let b(y) = 2*y**p + 0*y**2 - 8*y - 1 + 0*y**2. Let l be b(8). Calculate the greatest common divisor of 9 and l.
9
Suppose -4*y = 4*l - 56 - 24, 5*l - 4*y = 55. Calculate the greatest common divisor of l and 5.
5
Let a be (15/(-4))/(1/(-4)). Let k = 9 - 5. Let o be (9 + 1)*k/8. Calculate the highest common divisor of o and a.
5
Suppose -5*r + 7 + 13 = 0. Suppose 4*x = 3*s + 25, 5 = r*x + 4*s - 27. Calculate the greatest common divisor of 14 and x.
7
Suppose 0*c - 4 = -c. Let s = 1571 + -993. Suppose -c*z + 3*p = -s, -3*p + 312 = 2*z + 32. Calculate the highest common divisor of z and 13.
13
Let m = 44 - 31. Suppose -4*g - 208 = y, 2*g + 2*y + 98 = 3*y. Let a = g + 103. What is the highest common divisor of a and m?
13
Let l = 18 - -13. Suppose -w + 0*w = -i - 39, 0 = w + i - l. Suppose 3*q + 14 = 4*q. What is the greatest common divisor of q and w?
7
Let r be 45/5*(-20)/(-18). Suppose -5*y - l + 156 = l, 0 = -4*y - l + 123. Calculate the greatest common divisor of r and y.
10
Suppose -32*h + 35 = -27*h. Let o(a) = 26*a - 1. Let z be o(3). Calculate the greatest common factor of z and h.
7
Suppose -75 = 3*f - 6*f. Let z = -11 + f. Let l be (-38)/(((-16)/z)/4). What is the highest common factor of l and 19?
19
Suppose -y + 2*y - 31 = 4*j, -57 = -3*y + 3*j. Calculate the highest common factor of y and 5.
5
Let g be (-13 - 17)*4/(-5). Calculate the greatest common factor of g and 36.
12
Let l be (-6)/((-24)/62) + 1/(-2). Calculate the greatest common divisor of l and 60.
15
Let q = 0 - 6. Let u = q - -9. Calculate the greatest common divisor of u and 1.
1
Suppose 2*n - 2*f - 602 = -f, 3*n + 4*f - 892 = 0. Suppose 22 = 3*q + 7, 3*o - n = 3*q. What is the highest common divisor of o and 42?
21
Suppose -7*a + 4*h = -3*a - 596, 5*a + 3*h = 729. Let y = a - 67. Suppose -2*b = -0*b - y. What is the highest common divisor of b and 20?
20
Suppose 0*p + 4*g = 3*p - 46, -4*p + 24 = 4*g. Calculate the greatest common divisor of 15 and p.
5
Let r(p) = -9*p. Let j be r(-4). Let m(x) = x**3 - 7*x**2 + 3*x - 9. Let s be m(7). What is the greatest common divisor of s and j?
12
Suppose -12*p + 15*p = 330. What is the greatest common divisor of 11 and p?
11
Suppose 47 - 14 = b. Let o = b + -21. Let i = o - 4. Calculate the highest common divisor of 40 and i.
8
Suppose 1 = 3*o + 5*c - 30, -5*o = -2*c - 62. Calculate the highest common factor of o and 24.
12
Let o(c) = 9*c**2 - 2*c + 3. Let n be o(-3). Calculate the highest common divisor of 36 and n.
18
Let j be 28*(9/(-6) + 2). Suppose -m = 2*m - 1